 -3)/((-5)/(-100)). What is the tens digit of 43/y + (2 - (-2161)/8)?
7
Let g(t) = 27*t**2 - 6*t + 4. Let q(y) = -y**3 - 8*y**2 + 11*y + 20. Let z = -41 - -32. Let x be q(z). What is the units digit of g(x)?
0
Let t(k) = k**3 + 11*k**2 - 31*k - 11. Let b be 5/(10/(-6)) - 75. Let a be ((-14)/(-21))/(4/b). What is the units digit of t(a)?
4
Let y(m) = 352*m**2 + 38*m - 214. What is the units digit of y(-7)?
8
Let w(k) be the second derivative of k**4/6 - k**3/2 + 10*k**2 - 2*k + 5. What is the tens digit of w(19)?
8
Let y be ((-36)/16 + 2)*-4188. Let o = y + -621. What is the hundreds digit of o?
4
Suppose 2*i = -3*y + 22643, 0 = -71*y + 70*y - 1. What is the units digit of i?
3
Let o(b) = 69*b - 228. Let k be o(4). What is the units digit of (0 - k/(-12)) + (2 - -1090)?
6
Let c(f) = 12*f**2 + 8*f - 396. What is the thousands digit of c(29)?
9
Suppose 0 = 3*t + 805*z - 800*z - 43878, 0 = -4*t + 2*z + 58478. What is the thousands digit of t?
4
Let d(l) = -439*l - 1. Let j be d(1). Let o be j/(-2) - 88/(-22). Let k = o - 137. What is the units digit of k?
7
What is the units digit of ((-210120)/(-544))/((-2)/(-56))?
5
Suppose 1 = -4*k + 21. Suppose k*u = t + 25, -3*u = -t - 3*t - 15. Suppose 3*o - 391 + 61 = t. What is the units digit of o?
0
Suppose c + 4963 - 52866 = 0. What is the thousands digit of c?
7
What is the units digit of 73/(-219)*0/(-2) + 2795?
5
Let s(c) = 57*c**3 - 90*c**2 - 68*c + 693. What is the hundreds digit of s(11)?
9
Let t = -102 - -100. What is the units digit of t + (-96)/(-42) + 582/21?
8
Suppose 3*p + 98942 = 2*b, 3*b - 5*p = 122712 + 25698. What is the ten thousands digit of b?
4
Let d(p) = p**3 - 2*p**2 + p. Let u be d(2). Let i(s) = 268*s - 9. What is the tens digit of i(u)?
2
Let t(l) = -7*l**3 - 20*l**2 - 52*l - 66. What is the hundreds digit of t(-12)?
7
Let b(i) = 38*i - 39. Let o(w) = -13*w + 13. Let f(z) = 4*b(z) + 11*o(z). Suppose 48 + 52 = 25*n. What is the units digit of f(n)?
3
Suppose -3*j + 24690 = 2*k, 47*j = -3*k + 50*j + 37020. What is the hundreds digit of k?
3
What is the tens digit of ((-3690141)/(-1274))/(6/28 + 0)?
1
Let w be (-3)/(48/(-44))*-20. Let a = w + 80. Suppose -5*u = a, -l + 6*l = 3*u + 460. What is the units digit of l?
9
Let g(z) = -13*z - 17. Let a(h) = h - 15 + 0*h + 0*h. Let c be a(6). What is the units digit of g(c)?
0
Let r(v) = v**3 - 19*v**2 + v - 12. Let w be r(19). Suppose -5*b + 354 = 2*p, w*p - b = 4*p + 548. What is the hundreds digit of p?
1
Let b = -7 - -121. Suppose -4*d = -26 - b. Let q = 110 - d. What is the units digit of q?
5
Let y = 548 - -5635. What is the thousands digit of y?
6
Let h be (-400)/(6/(-8) - 453/(-636)). What is the units digit of 102/561 - (0 - h/22)?
2
Let b = 267 - 226. Suppose 0 = -32*s + b*s - 1278. What is the tens digit of s?
4
Let z = -79 + 32. Let g = -45 - z. Suppose -g*f = 2*q - 74, 0 = 3*f - 4*q - 0*q - 139. What is the units digit of f?
1
What is the units digit of 55/(-10)*22420/(-55)?
2
Let m be 1 + 1/2*2. Let g(j) = j**3 + 2*j**2 - 116*j - 437. Let i be g(-4). What is the units digit of i/((-30)/201)*m?
7
Let h = -96 - -99. Suppose 0 = 3*s + r - 2494, -h*r + 19 - 7 = 0. Suppose -64*c = -69*c + s. What is the tens digit of c?
6
Suppose 0 = s + 1, 0 = 2*y - y + s + 5. Let n(t) be the second derivative of 2*t**4/3 - 4*t**3/3 - 5*t**2 + 656*t. What is the tens digit of n(y)?
5
Let k(c) = 36 - 128*c**3 + 2*c**2 + 239*c**3 - c - 112*c**3. What is the units digit of k(-8)?
4
Suppose -4*z = -3*u + 927, 0*z + z + 2*u + 218 = 0. What is the tens digit of (z/10)/(17/(-85))?
1
Suppose 15806954 = 189*f + 443*f - 4403142. What is the tens digit of f?
7
Let w be (-1012)/161 + 2/7. Let v(i) = -5*i**3 - 5*i**2 - 2*i - 5. What is the tens digit of v(w)?
0
Suppose -11*u + 54551 = 13290. Suppose 205 = 2*x - u. What is the units digit of x?
8
Let g(t) = 14*t + 34. Let w be g(-8). What is the hundreds digit of 13/(w/(-864)) + 1?
1
Suppose -12638 = -22*a + 152736. Suppose 977 - a = -15*o. What is the tens digit of o?
3
Suppose 5*p - 76 = 4*g, -2*p - 2*g + 16 = -18. Suppose -3*h + p = 10. Suppose -2*m = -h*q - 68, 0 = 2*m + 3*q - 7*q - 68. What is the tens digit of m?
3
Let w(b) = -b**3 - 19*b**2 + 20*b - 8. Let s be w(-20). Let m = s - -11. Suppose m*y = -g - 0*y + 48, 0 = -5*g + y + 320. What is the units digit of g?
3
Let s = 73 + -90. Let y = s + 6. Let l(m) = -30*m - 47. What is the hundreds digit of l(y)?
2
Let t be (177/(-9) + -1)*18/12. Let a = t - -36. Suppose -a*d + 108 = -607. What is the hundreds digit of d?
1
Let h be (2/(-5))/((-9)/855). Let y = 43 - h. Suppose -2*t + 179 = -f, 53 + 23 = t - y*f. What is the tens digit of t?
9
Suppose p - 2*p = -n + 23110, -3*n + 2*p + 69339 = 0. What is the thousands digit of n?
3
Let t = 428 + -301. Suppose -113 - t = -5*g. What is the tens digit of g?
4
Let p(g) = 77*g**2 - 3*g - 48. What is the thousands digit of p(-5)?
1
Let l be (1 + 0)/(25/38475). Let w = l + 26. What is the hundreds digit of w?
5
Let m(t) = -3*t - 12. Let s be m(0). What is the hundreds digit of (s/16)/(-3 - 4294/(-1432))?
5
Let z(y) = -32*y - 4. Let i(f) = -f**2 - 15*f - 15. Let c be i(-9). Let h = c + -41. What is the units digit of z(h)?
0
Let m = -37756 + 76216. What is the ten thousands digit of m?
3
What is the ten thousands digit of 162 + -161 - (12/16 + 244454/(-8))?
3
Suppose -32 = -6*v - 10*v. Let i = -2 - -3. Suppose v*d = d + i. What is the units digit of d?
1
Suppose 0 = i - 10*i + 540. Suppose -w + 4*y + i = 0, -4*y + 9*y = 2*w - 111. What is the units digit of (0 - 1/(-3))*w?
6
Let t(n) be the first derivative of -25*n - 7 - 1/3*n**3 - 19/2*n**2. What is the units digit of t(-12)?
9
Let w = 1961 - 603. Let m = 2565 - w. What is the units digit of m?
7
Let d be (798/(-35))/((-2)/5). Let y = -170 - -174. Suppose 55 = y*j + 5*s, -3*j + 5*s + 28 = -d. What is the units digit of j?
0
Suppose -3*p - 15198 = -n, 67*n = 66*n - p + 15222. What is the hundreds digit of n?
2
Let f = -13277 + 43507. What is the tens digit of f?
3
Suppose -w = 2*k - 1230, 22*k - 23*k = w - 1233. Suppose 3*i = -5*o + 3608, -3*o = i - 8*o - w. What is the hundreds digit of i?
2
Let w = 278 + -290. Let b(p) = 5*p**2 + 10*p - 55. What is the tens digit of b(w)?
4
Suppose -4*r - r + 4916 = -4*n, -3*n - 3933 = -4*r. Suppose -39*q - r = -41*q. What is the units digit of q?
2
Suppose 56*u - 21*u - 9695 = 0. What is the hundreds digit of u?
2
Let o(q) = q**2 + 8*q + 1. Let u be o(4). Suppose 0 = 5*c + u - 2089. What is the tens digit of c?
0
Let v(g) = g**3 + 87*g**2 + g - 5. What is the ten thousands digit of v(-32)?
5
Let s(a) = -a**3 + 5*a**2 - a + 7. Suppose 32 = 5*t + 7. Let m be s(t). Let b(c) = 17*c**2 + 7*c + 2. What is the units digit of b(m)?
4
Let z(a) = 12*a**2 + 14*a - 35. Suppose 59*n = 60*n - 7. What is the hundreds digit of z(n)?
6
Suppose 5904 = -3*w + 19*w. What is the tens digit of w/12 + 2/8?
3
Let n(r) = 50*r**2 - 168*r - 7. Let v be n(5). Suppose -3368 = -3*k + 2*u + v, u + 3 = 0. What is the tens digit of k?
5
Let s be 0*(2/(-4))/(-1). Let o(i) = i**3 - 4*i**2 - 11*i - 11. Let b be o(7). Suppose -56*a + b*a - 417 = s. What is the tens digit of a?
3
What is the units digit of 2 + ((40525/2)/(-5))/((-23)/46)?
7
Suppose -12770 + 112382 = 18*y. What is the thousands digit of y?
5
Let k = 191 + -312. Let n = 42 - 64. What is the units digit of (-453)/(-11) - n/k?
1
Let o(a) be the first derivative of -29*a**2/2 + 112*a + 1. What is the tens digit of o(-27)?
9
Suppose -6124 = -i + 5*a, 375*i - 5*a = 379*i - 24621. What is the units digit of i?
9
Let m = 1758 - -14924. What is the thousands digit of m?
6
Let f(h) = h**3 - 7*h**2 + 9*h + 4. Let z be f(7). Suppose 44*s = -4*u + 40*s + 200, -3*u + 151 = 2*s. Let d = z - u. What is the tens digit of d?
1
Let k be 1072/368 + -1*6/(-69). Suppose 2*r + k*j = 2637, 1013 = r + j - 306. What is the thousands digit of r?
1
Suppose 8*h = 8281 + 303. Suppose -14*l + 6491 - h = 0. What is the tens digit of l?
8
Let m = -160 - -436. Suppose 9*g - m = 1506. What is the hundreds digit of g?
1
Let k be -2*1 + -23 + 12. Let a(h) = -h - 10. Let p be a(k). Let t(q) = 6*q**2 - 5*q + 4. What is the units digit of t(p)?
3
Let r(m) = m**3 + 40*m**2 + 85*m - 49. Suppose 535 = -32*a - 649. What is the tens digit of r